2*f + 64. Let y = t - 7. Suppose 5*q - 55 = y. Calculate the remainder when q is divided by 8.
6
Suppose 0 = 53*b - 54*b + 75. Calculate the remainder when b is divided by 38.
37
What is the remainder when 38 is divided by ((-1)/1)/(2/(-46)*1)?
15
Calculate the remainder when (-5 - 66)/(1 - 2) is divided by 16.
7
Let d = 35 + -26. Calculate the remainder when d is divided by 6.
3
Suppose -3*l = -4*z - 0 - 7, 0 = -5*l - 2*z + 55. What is the remainder when 23 is divided by l?
5
Suppose 447 = 5*p + 37. What is the remainder when p is divided by 21?
19
Let x be (4 - -6)*1/(-2). Let b(l) = 2*l**2 + 3*l - 3. Calculate the remainder when b(x) is divided by 11.
10
Suppose 4*d = d + 6. Suppose h - 18 = -d*h. Calculate the remainder when 14 is divided by h.
2
Let z(l) = l - 2. Let a be z(-2). Suppose -5*p + 1 = -n, 0*p - p - 11 = -3*n. Let m = p - a. Calculate the remainder when m is divided by 3.
2
Let h be 3*3/(27/6). Suppose -4*s + 176 = h*b, 2*s - 2*b - 80 = -b. What is the remainder when s is divided by 15?
12
Let g be (-6)/(-2) + (2 - 2). Suppose -s = 2*s + 3, -4*s = -g*o + 10. Calculate the remainder when o is divided by 1.
0
Let y = 2 - -2. Suppose -y*d = -565 + 1957. What is the remainder when ((-1)/3)/(4/d) is divided by 16?
13
Suppose 4*f + 56 = -2*y + 3*y, 194 = 4*y - f. Calculate the remainder when y is divided by 25.
23
Suppose -4*r - 5*h = -7*h - 120, r - 5*h = 48. Calculate the remainder when 81 is divided by r.
25
Let s(z) = 13*z**2 + z + 1. Calculate the remainder when s(-1) is divided by 8.
5
Let c(f) = 3*f**2 - 3. Let t be c(5). Suppose -5*w + 13 + t = 0. What is the remainder when w is divided by 9?
8
Suppose -2*y + s = -4*y + 7, -s = -2*y + 5. Calculate the remainder when (1 - 2)/((-2)/6) is divided by y.
0
Suppose -2*n + 6 = 3*s - 18, 0 = -4*n - 3*s + 60. Let f(o) = -o**2 - 14*o - 34. What is the remainder when n is divided by f(-9)?
7
Suppose 3*c + 6 = c. Let q be c/2*(-2 + 0). Calculate the remainder when 28 is divided by -1*(q + -2) - -16.
13
Let i(n) = -n**3 - n**2 + n + 4. Let t(v) = -2*v - 1. Let w be t(-1). Suppose 6 = l - w. What is the remainder when i(-3) is divided by l?
5
Suppose -4*k - 34 + 118 = 0. What is the remainder when k is divided by 13?
8
Calculate the remainder when 3 - -61 - (0 + 0) is divided by 22.
20
What is the remainder when (4 - (9 - 1)) + 6 is divided by 2?
0
Let r = -21 - -15. Let l be (-3)/r*(-354)/(-3). Suppose 21 = -4*v + 5*s + 90, 0 = 4*v - 3*s - l. Calculate the remainder when 32 is divided by v.
10
Calculate the remainder when 45 is divided by ((-104)/(-12))/(2/3).
6
Let w be (54/45)/(3/190). Let v = w - 33. Let u = -30 + v. What is the remainder when 51 is divided by u?
12
Suppose -4*t = -t - 12. Calculate the remainder when 11 is divided by t.
3
Let l(f) = 5*f**2 - 2*f - 9. Let m be l(-6). Let u = m + -100. What is the remainder when u is divided by 21?
20
Let n be 0 - (204/1)/3. Let i = -41 - n. What is the remainder when i is divided by 1 - (1 - (-42)/(-3))?
13
Let o(q) be the third derivative of -13*q**4/12 + q**3/6 + q**2. Calculate the remainder when o(-1) is divided by (26 - 30)*(-14)/4.
13
Let o = -41 + 29. Calculate the remainder when 10 is divided by ((-14)/4 - -3)*o.
4
What is the remainder when 44 is divided by 16/(-4) - (-20 + 1)?
14
Let y(j) = -15*j**2 + 5*j**2 - 2*j - j**3 + 7 + 3*j - 3*j. What is the remainder when 79 is divided by y(-10)?
25
Let h be 2*(28/8)/(-1). What is the remainder when 47 is divided by (4*2)/(h/(-14))?
15
Let y = -9 + 16. Calculate the remainder when 41 is divided by y.
6
Let o = -12 + 25. What is the remainder when o is divided by 7?
6
Let k = 16 - 21. Calculate the remainder when 22 is divided by ((-2)/k)/((-8)/(-240)).
10
Let f(i) be the second derivative of -i**3/3 + 2*i**2 - 3*i. Let a be f(8). Let m = 23 + a. Calculate the remainder when 31 is divided by m.
9
Let p = 3 + 1. Let j = p - 0. Calculate the remainder when j is divided by 3.
1
Let p be 2*(-15)/6*2. Let b = 26 + p. Calculate the remainder when b is divided by ((-18)/(-4) - 0)*2.
7
Let w = -105 - -123. Let s(a) = 4*a**2 - 2*a - 3. Calculate the remainder when s(-4) is divided by w.
15
Let x(f) = 28*f**2 - f. What is the remainder when 86 is divided by x(-1)?
28
Suppose -69 = -3*k - 4*g, 0 = 2*g + 3 - 9. Suppose 0*z = -3*z - 12, 0 = -5*y + 2*z + 58. What is the remainder when k is divided by y?
9
Let j be 0 + (0 - -1) - 1. Suppose 5*v + 10 = j, -w - 4*v = -2*v - 3. What is the remainder when 13 is divided by w?
6
Suppose 97 = -3*v - 5*b, 3*v + 0*b + 79 = 4*b. Let u = v - -48. What is the remainder when u is divided by 5?
4
Let x = -114 + 143. What is the remainder when 83 is divided by x?
25
Let y(t) = t**3 + 3*t**2 - 2*t + 5. Suppose -3*n - 4*v + 18 = 0, -v + 8 = n + v. Calculate the remainder when y(-3) is divided by -5*3*n/(-5).
5
Let t = -65 - -94. What is the remainder when 229 is divided by t?
26
Let o(v) = -v**3 + 3*v**2 - 5*v + 4. Let j be o(2). Let b = j + 21. What is the remainder when 55 is divided by b?
17
Suppose 3*a - 372 = -a. Calculate the remainder when a is divided by 16.
13
Suppose -3*g + 4*q + 27 = 0, 6*q = 4*q - 6. Suppose 0 = 5*p + 2*y - 106, -5*y + 17 = p + g. Calculate the remainder when (6/(-9))/((-4)/390) is divided by p.
21
Let y = 4 + 0. Suppose -5*l = a + 15, -4*a + 2*a + 5 = 3*l. What is the remainder when a is divided by y?
2
Suppose -4*f = -x + 3*x - 128, -23 = -f + 4*x. What is the remainder when 122 is divided by f?
29
Suppose 7*w - 311 = -17. What is the remainder when w is divided by 17?
8
Suppose 66 = 8*g - 2*g. What is the remainder when 20 is divided by g?
9
Let z(v) = 7 - 3*v + 4*v + 2*v. What is the remainder when z(6) is divided by 7?
4
Let z = -36 - -69. Let p = z - -7. Suppose -2*s + 3*r = 3*s - 82, 0 = -5*r - 20. Calculate the remainder when p is divided by s.
12
Suppose -3*a - 4*q = 2*a - 26, -2*a - 3*q = -16. What is the remainder when 2 is divided by -1 - ((-2)/a - 2)?
0
Let a be (8/5)/((-2)/(-5)). Suppose 0*h + 34 = h + a*r, 3*h + 3*r - 75 = 0. Calculate the remainder when 65 is divided by h.
21
Let k(o) = 2*o**2 + 10*o + 13. Calculate the remainder when k(-8) is divided by 13.
9
Suppose -5*b + 36 = -3*b. Let v = b + -11. Let u(q) = q**3 + 4*q**2 + 3. Calculate the remainder when u(-3) is divided by v.
5
Let z(i) = i**2 + 10*i - 16. Let t be z(-13). Let q = -42 + 27. Let p = t + q. Calculate the remainder when 15 is divided by p.
7
Suppose 4*y - y = 18. Suppose -y = -2*t, -2*c + 2*t + 9 = -3. Suppose m - 8 = 17. Calculate the remainder when m is divided by c.
7
Suppose 5*y + 5*z = 60, 2*z = -1 + 11. What is the remainder when 8 is divided by y?
1
Suppose -5*v + 3 = -2. Calculate the remainder when 2 is divided by v.
0
What is the remainder when 21 is divided by 112/24 - 4/6?
1
Let k = -19 + 9. What is the remainder when 25 is divided by 0 - 1 - 2 - k?
4
Let o(t) = t - 2. Let h be o(5). Suppose h*k = 10 + 17. What is the remainder when 26 is divided by k?
8
Let p(r) = r**3 - 3*r**2 - 2*r. Let x be p(2). Let q = 9 + -11. Let s = q - x. Calculate the remainder when 22 is divided by s.
4
Suppose -5*u - 53 = -2*d, 2*u - 52 = 4*d - 150. What is the remainder when d is divided by (-93)/(-7) + (-8)/28?
11
Let r = -6 - -22. Calculate the remainder when 47 is divided by r.
15
Calculate the remainder when (-64)/20*(-585)/18 is divided by 18.
14
What is the remainder when (-2)/(-10) + (-279)/(-5) is divided by (-1)/(77/(-19) + 4)?
18
Let n = -39 - -44. Suppose -r = -0*r + i - 2, 5*r + 4*i = 8. Suppose r = -3*l + 19 + n. Calculate the remainder when 23 is divided by l.
7
Suppose -2*q - 250 = -5*g - 7*q, 2*q = -5*g + 262. Calculate the remainder when g is divided by 28.
26
Suppose 3*l - l - 12 = -5*a, a + 4*l = 6. Suppose -2*q = a*q - 80. Suppose 2*h - 4*c = -2*c + q, -2*h = c - 17. Calculate the remainder when 26 is divided by h.
8
Suppose -8*y = -3*y - 5. Let s be 8/((1 + 1)/y). Suppose 0 = s*x - 0*x - 64. What is the remainder when x is divided by 6?
4
Suppose 0 = n + 4*r - 32, n + 0*n - 2*r = 38. Calculate the remainder when n is divided by (4/16)/1 - 150/(-8).
17
Let k be ((-42)/4)/((-24)/(-32)). Let c = k + 25. What is the remainder when 30 is divided by c?
8
Suppose 0 = -5*d + 3*c + 11, 0*d = 2*d + c - 11. Suppose 2*g = g + d. Calculate the r